{"id":1751,"date":"2025-02-06T19:24:37","date_gmt":"2025-02-06T19:24:37","guid":{"rendered":"https:\/\/frutosdelmauco.cl\/?post_type=product&#038;p=1751"},"modified":"2025-02-06T19:24:37","modified_gmt":"2025-02-06T19:24:37","slug":"cramberry","status":"publish","type":"product","link":"https:\/\/frutosdelmauco.cl\/index.php\/producto\/cramberry\/","title":{"rendered":"Cramberry"},"content":{"rendered":"<p>Los cranberries son ricos en antioxidantes, vitamina C y fibra, lo que contribuye a fortalecer el sistema inmunol\u00f3gico y mejorar la digesti\u00f3n. Ayudan a prevenir infecciones urinarias y a mantener la salud cardiovascular. Su sabor \u00e1cido y ligeramente dulce los convierte en un excelente snack o complemento en ensaladas, batidos y postres, ofreciendo un toque nutritivo y refrescante.<\/p>\n","protected":false},"excerpt":{"rendered":"<p>Los cranberries son ricos en antioxidantes, vitamina C y fibra, lo que contribuye a fortalecer el sistema inmunol\u00f3gico y mejorar la digesti\u00f3n. Ayudan a prevenir infecciones urinarias y a mantener la salud cardiovascular. Su sabor \u00e1cido y ligeramente dulce los convierte en un excelente snack o complemento en ensaladas, batidos y postres, ofreciendo un toque [&hellip;]<\/p>\n","protected":false},"featured_media":1752,"comment_status":"closed","ping_status":"closed","template":"","meta":[],"product_brand":[],"product_cat":[46],"product_tag":[],"class_list":{"0":"post-1751","1":"product","2":"type-product","3":"status-publish","4":"has-post-thumbnail","6":"product_cat-frutos-deshidratados","8":"first","9":"instock","10":"shipping-taxable","11":"purchasable","12":"product-type-variable"},"_links":{"self":[{"href":"https:\/\/frutosdelmauco.cl\/index.php\/wp-json\/wp\/v2\/product\/1751","targetHints":{"allow":["GET"]}}],"collection":[{"href":"https:\/\/frutosdelmauco.cl\/index.php\/wp-json\/wp\/v2\/product"}],"about":[{"href":"https:\/\/frutosdelmauco.cl\/index.php\/wp-json\/wp\/v2\/types\/product"}],"replies":[{"embeddable":true,"href":"https:\/\/frutosdelmauco.cl\/index.php\/wp-json\/wp\/v2\/comments?post=1751"}],"wp:featuredmedia":[{"embeddable":true,"href":"https:\/\/frutosdelmauco.cl\/index.php\/wp-json\/wp\/v2\/media\/1752"}],"wp:attachment":[{"href":"https:\/\/frutosdelmauco.cl\/index.php\/wp-json\/wp\/v2\/media?parent=1751"}],"wp:term":[{"taxonomy":"product_brand","embeddable":true,"href":"https:\/\/frutosdelmauco.cl\/index.php\/wp-json\/wp\/v2\/product_brand?post=1751"},{"taxonomy":"product_cat","embeddable":true,"href":"https:\/\/frutosdelmauco.cl\/index.php\/wp-json\/wp\/v2\/product_cat?post=1751"},{"taxonomy":"product_tag","embeddable":true,"href":"https:\/\/frutosdelmauco.cl\/index.php\/wp-json\/wp\/v2\/product_tag?post=1751"}],"curies":[{"name":"wp","href":"https:\/\/api.w.org\/{rel}","templated":true}]}}