{"id":1755,"date":"2025-02-06T19:32:32","date_gmt":"2025-02-06T19:32:32","guid":{"rendered":"https:\/\/frutosdelmauco.cl\/?post_type=product&#038;p=1755"},"modified":"2025-02-06T19:32:58","modified_gmt":"2025-02-06T19:32:58","slug":"ciruela-deshidratada","status":"publish","type":"product","link":"https:\/\/frutosdelmauco.cl\/index.php\/producto\/ciruela-deshidratada\/","title":{"rendered":"Ciruela deshidratada"},"content":{"rendered":"<p>La ciruela deshidratada es rica en fibra, antioxidantes y vitaminas como la A y C, lo que favorece la digesti\u00f3n y la salud de la piel. Ayuda a regular el tr\u00e1nsito intestinal y a prevenir el estre\u00f1imiento. Adem\u00e1s, su contenido de potasio y antioxidantes contribuye a la salud cardiovascular. Es un snack delicioso y nutritivo, ideal para incorporar en dietas equilibradas.<\/p>\n","protected":false},"excerpt":{"rendered":"<p>La ciruela deshidratada es rica en fibra, antioxidantes y vitaminas como la A y C, lo que favorece la digesti\u00f3n y la salud de la piel. Ayuda a regular el tr\u00e1nsito intestinal y a prevenir el estre\u00f1imiento. Adem\u00e1s, su contenido de potasio y antioxidantes contribuye a la salud cardiovascular. Es un snack delicioso y nutritivo, [&hellip;]<\/p>\n","protected":false},"featured_media":1758,"comment_status":"closed","ping_status":"closed","template":"","meta":[],"product_brand":[],"product_cat":[46],"product_tag":[],"class_list":{"0":"post-1755","1":"product","2":"type-product","3":"status-publish","4":"has-post-thumbnail","6":"product_cat-frutos-deshidratados","8":"first","9":"instock","10":"shipping-taxable","11":"purchasable","12":"product-type-variable"},"_links":{"self":[{"href":"https:\/\/frutosdelmauco.cl\/index.php\/wp-json\/wp\/v2\/product\/1755","targetHints":{"allow":["GET"]}}],"collection":[{"href":"https:\/\/frutosdelmauco.cl\/index.php\/wp-json\/wp\/v2\/product"}],"about":[{"href":"https:\/\/frutosdelmauco.cl\/index.php\/wp-json\/wp\/v2\/types\/product"}],"replies":[{"embeddable":true,"href":"https:\/\/frutosdelmauco.cl\/index.php\/wp-json\/wp\/v2\/comments?post=1755"}],"wp:featuredmedia":[{"embeddable":true,"href":"https:\/\/frutosdelmauco.cl\/index.php\/wp-json\/wp\/v2\/media\/1758"}],"wp:attachment":[{"href":"https:\/\/frutosdelmauco.cl\/index.php\/wp-json\/wp\/v2\/media?parent=1755"}],"wp:term":[{"taxonomy":"product_brand","embeddable":true,"href":"https:\/\/frutosdelmauco.cl\/index.php\/wp-json\/wp\/v2\/product_brand?post=1755"},{"taxonomy":"product_cat","embeddable":true,"href":"https:\/\/frutosdelmauco.cl\/index.php\/wp-json\/wp\/v2\/product_cat?post=1755"},{"taxonomy":"product_tag","embeddable":true,"href":"https:\/\/frutosdelmauco.cl\/index.php\/wp-json\/wp\/v2\/product_tag?post=1755"}],"curies":[{"name":"wp","href":"https:\/\/api.w.org\/{rel}","templated":true}]}}