{"id":1759,"date":"2025-02-06T19:37:41","date_gmt":"2025-02-06T19:37:41","guid":{"rendered":"https:\/\/frutosdelmauco.cl\/?post_type=product&#038;p=1759"},"modified":"2025-02-06T19:37:50","modified_gmt":"2025-02-06T19:37:50","slug":"datiles-sin-carozo","status":"publish","type":"product","link":"https:\/\/frutosdelmauco.cl\/index.php\/producto\/datiles-sin-carozo\/","title":{"rendered":"D\u00e1tiles sin carozo"},"content":{"rendered":"<p>Los d\u00e1tiles sin carozo son una excelente fuente de energ\u00eda natural, ricos en fibra, antioxidantes y minerales como el potasio, magnesio y hierro. Contribuyen a la salud digestiva, mejoran la circulaci\u00f3n sangu\u00ednea y ayudan a mantener niveles saludables de energ\u00eda. Son perfectos como snack o para agregar a recetas dulces o saladas, ofreciendo un toque nutritivo y delicioso.<\/p>\n","protected":false},"excerpt":{"rendered":"<p>Los d\u00e1tiles sin carozo son una excelente fuente de energ\u00eda natural, ricos en fibra, antioxidantes y minerales como el potasio, magnesio y hierro. Contribuyen a la salud digestiva, mejoran la circulaci\u00f3n sangu\u00ednea y ayudan a mantener niveles saludables de energ\u00eda. Son perfectos como snack o para agregar a recetas dulces o saladas, ofreciendo un toque [&hellip;]<\/p>\n","protected":false},"featured_media":1762,"comment_status":"closed","ping_status":"closed","template":"","meta":[],"product_brand":[],"product_cat":[46],"product_tag":[],"class_list":{"0":"post-1759","1":"product","2":"type-product","3":"status-publish","4":"has-post-thumbnail","6":"product_cat-frutos-deshidratados","8":"first","9":"instock","10":"shipping-taxable","11":"purchasable","12":"product-type-variable"},"_links":{"self":[{"href":"https:\/\/frutosdelmauco.cl\/index.php\/wp-json\/wp\/v2\/product\/1759","targetHints":{"allow":["GET"]}}],"collection":[{"href":"https:\/\/frutosdelmauco.cl\/index.php\/wp-json\/wp\/v2\/product"}],"about":[{"href":"https:\/\/frutosdelmauco.cl\/index.php\/wp-json\/wp\/v2\/types\/product"}],"replies":[{"embeddable":true,"href":"https:\/\/frutosdelmauco.cl\/index.php\/wp-json\/wp\/v2\/comments?post=1759"}],"wp:featuredmedia":[{"embeddable":true,"href":"https:\/\/frutosdelmauco.cl\/index.php\/wp-json\/wp\/v2\/media\/1762"}],"wp:attachment":[{"href":"https:\/\/frutosdelmauco.cl\/index.php\/wp-json\/wp\/v2\/media?parent=1759"}],"wp:term":[{"taxonomy":"product_brand","embeddable":true,"href":"https:\/\/frutosdelmauco.cl\/index.php\/wp-json\/wp\/v2\/product_brand?post=1759"},{"taxonomy":"product_cat","embeddable":true,"href":"https:\/\/frutosdelmauco.cl\/index.php\/wp-json\/wp\/v2\/product_cat?post=1759"},{"taxonomy":"product_tag","embeddable":true,"href":"https:\/\/frutosdelmauco.cl\/index.php\/wp-json\/wp\/v2\/product_tag?post=1759"}],"curies":[{"name":"wp","href":"https:\/\/api.w.org\/{rel}","templated":true}]}}